der when 11881/(-17004)*-39 - (3/24*26 + -3) is divided by 4 - 2*h/(-1).
3
Let i(r) be the second derivative of r**4/4 - r**3/3 + 24*r**2 - 10*r - 1. Calculate the remainder when i(7) is divided by 61.
59
Suppose 25*h = -174 + 1099. What is the remainder when h is divided by 30?
7
Let n(w) = -w**3 - 19*w**2 - 20*w - 17. Let h(x) be the second derivative of -3*x**3 - 15*x. Let c be h(1). What is the remainder when 36 is divided by n(c)?
17
Let h(o) = -14*o + 447. Let n be h(18). Suppose -4*w - 3*l = -4*l - n, w + l - 55 = 0. Calculate the remainder when 445 is divided by w.
45
Calculate the remainder when (-21298)/(-253)*44/2 is divided by 9.
7
Let j(d) = 16*d + 221. Let w be j(-25). Let x = -147 - w. Suppose -4*u - u = 3*z - 31, 2*z - 30 = -u. What is the remainder when x is divided by z?
15
Let s(f) = -f**3 + 36*f**2 + 77*f + 130. Calculate the remainder when 662 is divided by s(38).
158
Let v(g) = 158*g + 3. Suppose -2560*c + 108005 + 104543 + 76891 = 84639. Calculate the remainder when v(3) is divided by c.
77
Let j = 119 + -105. Suppose 0 = -10*a + j + 256. What is the remainder when a is divided by 7?
6
Let l be (263/(-2))/(2/4). Let p = l - -328. What is the remainder when 324 is divided by p?
64
Suppose -5*z - 592*y = -588*y - 52, 4*y = 5*z + 12. Suppose -4*b - b = -105. Calculate the remainder when b is divided by z.
1
Suppose 0 = 4*u - 5*m + 14, -5*u + 7*m = 8*m - 26. Let o be -5 - -2 - -1*1. Calculate the remainder when ((2/o)/1)/(u/(-588)) is divided by 25.
22
Let y be (9/(-2))/(-3*12/864). Let u = 161 - y. Calculate the remainder when 307 is divided by u.
42
Suppose 721*g - 2880 = 577*g. Calculate the remainder when 2876 is divided by g.
16
Suppose 27 = 89*a - 86*a - b, b - 3 = 0. What is the remainder when 213 is divided by a?
3
Let a(l) = -5*l**2 + 66*l. Let h be a(13). What is the remainder when 2132*(-6 - h/2*-1) is divided by 97?
96
Suppose 8*m - 5*m - 15 = -3*o, -2*o + 5*m = -3. What is the remainder when (-2)/(o - 66/16) is divided by 10?
6
Let a = 15506 - 14424. Calculate the remainder when a is divided by 354.
20
Let z(w) = -7*w + 28. Let y be z(-16). Let m = 83 - 200. Let r = m + y. Calculate the remainder when 90 is divided by r.
21
Suppose 5*k = -w + 250, 0 = 3*w + k - 670 - 136. Let b = w - -156. What is the remainder when b is divided by 86?
82
Suppose 3*g + 0*g + 38 = 5*o, 3*o - 36 = 4*g. Calculate the remainder when (-422)/g + (-28)/(-42) is divided by 25.
21
Let t be 54/6 + 2 - (5 + -1). Let a(u) = -t*u - 7 - 7 - 8*u. What is the remainder when a(-6) is divided by 11?
10
Suppose -v = -0*v. Suppose b - 3 - 10 = v. Let f(o) = 10*o**2 + 7*o - 8. Calculate the remainder when f(3) is divided by b.
12
Let q be -28 - 6/(2 + -3). Let r = 21 + -5. What is the remainder when (-48)/88 - 1376/q is divided by r?
14
Suppose 5*o + 30 = 0, -6*x + 5*x - 5*o + 1457 = 0. Calculate the remainder when x is divided by 287.
52
Suppose -1103 = -5*z - 248. Let q = z - 126. Calculate the remainder when q is divided by 6.
3
Suppose 3*u + 111 = 3*g, 5*u - 82 = -3*g + 69. Suppose -4*w = -g - 42. What is the remainder when 146 is divided by w?
20
Let j(v) = -4*v + 55. Let k = 317 + -313. What is the remainder when 426 is divided by j(k)?
36
Suppose 9*j = 322 + 551. Let k(s) = s**2 - 40*s - 69. Calculate the remainder when j is divided by k(42).
7
Suppose g - 4*g + 72 = 0. Let c(s) = -s**3 + 27*s**2 - 167*s - 30. Calculate the remainder when c(13) is divided by g.
21
Let v(w) = 85*w**2 + 16*w + 17. Let s(m) = m**3 - 4*m**2 + 6*m. Let n be s(4). What is the remainder when v(-1) is divided by -45*4/n*-4?
26
Let f = -1238 + 1238. Let b be ((-1)/2)/((-1)/10). Suppose 3*d + 2 - 5 = f, -86 = -b*t - d. What is the remainder when t is divided by 6?
5
Suppose -2*q - 3*f = -0*f - 8, 5*f - 20 = -5*q. Let j be (((-169)/2)/(-13) + -6)*30. Suppose q*w - 5 = j. What is the remainder when 9 is divided by w?
4
Let l(i) = -19 - 4 - 25 + 13*i. Let q(r) = 20*r + 6. What is the remainder when q(6) is divided by l(7)?
40
Let g = 16681 - 3526. What is the remainder when g is divided by 13?
12
Suppose -897*s + 936*s = 1950. Let x be (10/8)/((-1)/(-4)). Suppose x*h - 596 = h. Calculate the remainder when h is divided by s.
49
Let i = -5836 + 5910. What is the remainder when 9545 is divided by i?
73
Suppose -186 = 16*s - 20*s - 5*r, 0 = -s - r + 47. What is the remainder when 800 is divided by s?
16
Let a(t) = -2*t - 41. Let x be a(-23). Suppose r = 21 - x. Let g(i) = 12*i + 2. What is the remainder when g(2) is divided by r?
10
Suppose 1687 = -38*f + 6171. What is the remainder when 262 is divided by f?
26
Suppose -5*i + 230 = -3*i. Suppose -998 - 1200 + 178 = -202*d. Calculate the remainder when i is divided by d.
5
Let c = 40 - 77. Let m = 9 - c. Calculate the remainder when m is divided by 8.
6
Let h(f) = -2*f**2 - 20*f - 12. Let r be h(-12). What is the remainder when 98 is divided by (54/(-12))/(18/r)?
8
Let i = 837 + -627. Let d = -439 + 493. Calculate the remainder when i is divided by d.
48
Let o = -5118 - -5328. Calculate the remainder when 611 is divided by o.
191
Suppose 0 = 11*j - 2*j - 54. Suppose -3*z = -5*l + j*l - 166, 5*l - 290 = -5*z. Let m = z + -50. What is the remainder when m is divided by 4?
0
Let r be -1 - -1 - 40/2. Let z = -2 - r. Let o(v) = -6*v**2 + 131*v + 2300. What is the remainder when o(33) is divided by z?
17
Suppose 0 = 160*h + 6128 - 26768. What is the remainder when 2059 is divided by h?
124
Let o be 0*(2 + (-3 - -2)). Let r be -4 + 6 - o - 0. Suppose 3*f = -3*m, 5*m + 4*f = r*f + 12. Calculate the remainder when 18 is divided by m.
2
Let p(b) = 38*b + 18*b + 17*b - 96*b + 2*b**2 - 73. Calculate the remainder when p(17) is divided by 62.
52
Let p(a) = -23*a**2 - 10*a - 11. Let y be p(-4). Let b = 389 + y. Calculate the remainder when b is divided by 18.
14
Suppose -10*q + 277 = -683. Let y = q + -50. Let d = 84 - y. What is the remainder when 70 is divided by d?
32
Let d(c) be the first derivative of -13*c**2/2 - 124*c + 132. Calculate the remainder when 27 is divided by d(-11).
8
Suppose -9*p + 2903 = -4*f, 3*p + 44 - 1005 = 2*f. What is the remainder when p is divided by 2/(-3) - 334/(-6)?
52
Suppose -5*i + 1611 = -107*o + 109*o, -2*i = 4*o - 3230. What is the remainder when o is divided by 346?
116
Let y(f) = 25*f + 490. Suppose 2*k + k - 231 = 0. Calculate the remainder when k is divided by y(-18).
37
Let d(s) = 12*s + 62. Let q be d(-7). Let j(x) = -x**2 - 21*x + 25. Let i be j(q). Calculate the remainder when 102 is divided by -4 + 3 + i + 14 + -3.
11
Let r = -544 + 292. Let k = r + 277. What is the remainder when 142 is divided by k?
17
Suppose 20 = -5*v - 40. Let o be 15/v*(-10 + -2). Suppose 5*y + 150 = o*y. Calculate the remainder when 44 is divided by y.
14
Let d = -3 + 31. Suppose 21*n - 752 = -26*n. Suppose -10 = n*x - 17*x. What is the remainder when d is divided by x?
8
Suppose 15*z = -339 + 1379 + 520. What is the remainder when 482 is divided by z?
66
Let v be (-2)/(-7) - 870/(-42). Let h = v - 8. What is the remainder when h is divided by (-2)/9 - 296/108*-3?
5
Let p(q) = 12*q - 79. Let z be p(7). Calculate the remainder when 24 is divided by (0 + -42)/(z + -8).
10
Suppose 5*u = -i - 56 - 75, -2*i = -u + 240. Let s = i - -159. What is the remainder when s is divided by 14?
10
Let u(t) = t**3 + 9*t**2 - 26*t - 38. Let g(p) = 2*p + 2. Let w be g(6). Let s = 4 + w. What is the remainder when u(-10) is divided by s?
14
Let f be (-2)/(-5) - (-6 - (-3031)/(-35)). Let d = -86 + f. Calculate the remainder when 12 is divided by d.
5
Calculate the remainder when 2007 is divided by 14 - (20/(-60) - (-6)/(-9)).
12
Let g(q) = q + 5. Suppose -10*f + 1736 = 21*f. Calculate the remainder when f is divided by g(5).
6
Suppose 5290*x = 5331*x - 2911. Calculate the remainder when 441 is divided by x.
15
Suppose -57*r + 59*r - 743 = d, 3*r + 2*d - 1097 = 0. Suppose 0 = 6*a + 77 - 113. What is the remainder when r is divided by a?
3
Suppose -4*x + 102 = -1300*b + 1293*b, -97 = -3*x - 5*b. What is the remainder when 1484 is divided by x?
5
Let k = 69 - 67. Suppose f + k*z - 7*z - 119 = 0, f + z = 137. Suppose -216 = -10*p + f. Calculate the remainder when 69 is divided by p.
34
Suppose -62*y + 66*y = 3*g + 228, 2*y - 114 = -4*g. What